{"id":6576,"date":"2026-01-19T15:58:56","date_gmt":"2026-01-19T14:58:56","guid":{"rendered":"https:\/\/regenerahealth.com\/eventos\/?page_id=6576"},"modified":"2026-01-21T13:08:10","modified_gmt":"2026-01-21T12:08:10","slug":"congreso-2026-programa","status":"publish","type":"page","link":"https:\/\/regenerahealth.com\/eventos\/congreso-2026-programa\/","title":{"rendered":"Congreso 2026 Programa"},"content":{"rendered":"\t\t<div data-elementor-type=\"wp-page\" data-elementor-id=\"6576\" class=\"elementor elementor-6576\" data-elementor-post-type=\"page\">\n\t\t\t\t<div class=\"elementor-element elementor-element-3b6e9ed e-flex e-con-boxed e-con e-parent\" data-id=\"3b6e9ed\" data-element_type=\"container\" data-e-type=\"container\" data-settings=\"{&quot;background_background&quot;:&quot;classic&quot;}\">\n\t\t\t\t\t<div class=\"e-con-inner\">\n\t\t<div class=\"elementor-element elementor-element-0908867 e-con-full e-flex e-con e-child\" data-id=\"0908867\" data-element_type=\"container\" data-e-type=\"container\">\n\t\t\t\t<div class=\"elementor-element elementor-element-373c197 elementor-widget elementor-widget-image\" data-id=\"373c197\" data-element_type=\"widget\" data-e-type=\"widget\" data-widget_type=\"image.default\">\n\t\t\t\t<div class=\"elementor-widget-container\">\n\t\t\t\t\t\t\t\t\t\t\t\t\t\t\t<img fetchpriority=\"high\" decoding=\"async\" width=\"830\" height=\"228\" src=\"https:\/\/regenerahealth.com\/eventos\/wp-content\/uploads\/2026\/01\/Logo-Regenere-Blanco.png\" class=\"attachment-large size-large wp-image-6578\" alt=\"\" srcset=\"https:\/\/regenerahealth.com\/eventos\/wp-content\/uploads\/2026\/01\/Logo-Regenere-Blanco.png 830w, https:\/\/regenerahealth.com\/eventos\/wp-content\/uploads\/2026\/01\/Logo-Regenere-Blanco-300x82.png 300w, https:\/\/regenerahealth.com\/eventos\/wp-content\/uploads\/2026\/01\/Logo-Regenere-Blanco-768x211.png 768w, https:\/\/regenerahealth.com\/eventos\/wp-content\/uploads\/2026\/01\/Logo-Regenere-Blanco-600x165.png 600w\" sizes=\"(max-width: 830px) 100vw, 830px\" \/>\t\t\t\t\t\t\t\t\t\t\t\t\t\t\t<\/div>\n\t\t\t\t<\/div>\n\t\t\t\t<\/div>\n\t\t\t\t\t<\/div>\n\t\t\t\t<\/div>\n\t\t<div class=\"elementor-element elementor-element-56042f3 e-flex e-con-boxed e-con e-parent\" data-id=\"56042f3\" data-element_type=\"container\" data-e-type=\"container\" data-settings=\"{&quot;background_background&quot;:&quot;classic&quot;}\">\n\t\t\t\t\t<div class=\"e-con-inner\">\n\t\t<div class=\"elementor-element elementor-element-3f7feb5 e-con-full e-flex e-con e-child\" data-id=\"3f7feb5\" data-element_type=\"container\" data-e-type=\"container\">\n\t\t\t\t<div class=\"elementor-element elementor-element-5823f27 elementor-widget elementor-widget-image\" data-id=\"5823f27\" data-element_type=\"widget\" data-e-type=\"widget\" data-widget_type=\"image.default\">\n\t\t\t\t<div class=\"elementor-widget-container\">\n\t\t\t\t\t\t\t\t\t\t\t\t\t\t\t<img decoding=\"async\" width=\"1024\" height=\"313\" src=\"https:\/\/regenerahealth.com\/eventos\/wp-content\/uploads\/2025\/10\/Recurso-Congreso-Regenera-2026-19-1024x313.webp\" class=\"attachment-large size-large wp-image-3885\" alt=\"\" srcset=\"https:\/\/regenerahealth.com\/eventos\/wp-content\/uploads\/2025\/10\/Recurso-Congreso-Regenera-2026-19-1024x313.webp 1024w, https:\/\/regenerahealth.com\/eventos\/wp-content\/uploads\/2025\/10\/Recurso-Congreso-Regenera-2026-19-300x92.webp 300w, https:\/\/regenerahealth.com\/eventos\/wp-content\/uploads\/2025\/10\/Recurso-Congreso-Regenera-2026-19-768x235.webp 768w, https:\/\/regenerahealth.com\/eventos\/wp-content\/uploads\/2025\/10\/Recurso-Congreso-Regenera-2026-19-600x183.webp 600w, https:\/\/regenerahealth.com\/eventos\/wp-content\/uploads\/2025\/10\/Recurso-Congreso-Regenera-2026-19.webp 1457w\" sizes=\"(max-width: 1024px) 100vw, 1024px\" \/>\t\t\t\t\t\t\t\t\t\t\t\t\t\t\t<\/div>\n\t\t\t\t<\/div>\n\t\t\t\t<\/div>\n\t\t<div class=\"elementor-element elementor-element-cf921af e-con-full e-flex e-con e-child\" data-id=\"cf921af\" data-element_type=\"container\" data-e-type=\"container\">\n\t\t\t\t<div class=\"elementor-element elementor-element-7412c8d elementor-widget elementor-widget-heading\" data-id=\"7412c8d\" data-element_type=\"widget\" data-e-type=\"widget\" data-widget_type=\"heading.default\">\n\t\t\t\t<div class=\"elementor-widget-container\">\n\t\t\t\t\t<h2 class=\"elementor-heading-title elementor-size-default\">El gran evento de la\n<BR><B>salud integrativa en espa\u00f1ol <\/B>\n<\/h2>\t\t\t\t<\/div>\n\t\t\t\t<\/div>\n\t\t\t\t<\/div>\n\t\t<div class=\"elementor-element elementor-element-e4f080f e-con-full e-flex e-con e-child\" data-id=\"e4f080f\" data-element_type=\"container\" data-e-type=\"container\">\n\t\t<div class=\"elementor-element elementor-element-cc2b159 e-con-full e-flex e-con e-child\" data-id=\"cc2b159\" data-element_type=\"container\" data-e-type=\"container\" data-settings=\"{&quot;background_background&quot;:&quot;classic&quot;}\">\n\t\t<div class=\"elementor-element elementor-element-9bfccb5 e-con-full e-flex e-con e-child\" data-id=\"9bfccb5\" data-element_type=\"container\" data-e-type=\"container\">\n\t\t\t\t<div class=\"elementor-element elementor-element-bd73d28 elementor-widget elementor-widget-image\" data-id=\"bd73d28\" data-element_type=\"widget\" data-e-type=\"widget\" data-widget_type=\"image.default\">\n\t\t\t\t<div class=\"elementor-widget-container\">\n\t\t\t\t\t\t\t\t\t\t\t\t\t\t\t\t<a href=\"https:\/\/content.regenerahealth.com\/hubfs\/programa-congreso-2026-digital.pdf\">\n\t\t\t\t\t\t\t<img decoding=\"async\" width=\"500\" height=\"500\" src=\"https:\/\/regenerahealth.com\/eventos\/wp-content\/uploads\/2026\/01\/Programa-Avatar.jpg\" class=\"attachment-large size-large wp-image-6580\" alt=\"\" srcset=\"https:\/\/regenerahealth.com\/eventos\/wp-content\/uploads\/2026\/01\/Programa-Avatar.jpg 500w, https:\/\/regenerahealth.com\/eventos\/wp-content\/uploads\/2026\/01\/Programa-Avatar-300x300.jpg 300w, https:\/\/regenerahealth.com\/eventos\/wp-content\/uploads\/2026\/01\/Programa-Avatar-150x150.jpg 150w, https:\/\/regenerahealth.com\/eventos\/wp-content\/uploads\/2026\/01\/Programa-Avatar-100x100.jpg 100w\" sizes=\"(max-width: 500px) 100vw, 500px\" \/>\t\t\t\t\t\t\t\t<\/a>\n\t\t\t\t\t\t\t\t\t\t\t\t\t\t\t<\/div>\n\t\t\t\t<\/div>\n\t\t\t\t<\/div>\n\t\t<div class=\"elementor-element elementor-element-e9ac23d e-con-full e-flex e-con e-child\" data-id=\"e9ac23d\" data-element_type=\"container\" data-e-type=\"container\">\n\t\t\t\t<div class=\"elementor-element elementor-element-8421e5e elementor-widget elementor-widget-heading\" data-id=\"8421e5e\" data-element_type=\"widget\" data-e-type=\"widget\" data-widget_type=\"heading.default\">\n\t\t\t\t<div class=\"elementor-widget-container\">\n\t\t\t\t\t<h2 class=\"elementor-heading-title elementor-size-default\"><a href=\"https:\/\/content.regenerahealth.com\/hubfs\/programa-congreso-2026-digital.pdf\">Programa IV Congreso Regenera<\/a><\/h2>\t\t\t\t<\/div>\n\t\t\t\t<\/div>\n\t\t\t\t<\/div>\n\t\t<div class=\"elementor-element elementor-element-9819071 e-con-full e-flex e-con e-child\" data-id=\"9819071\" data-element_type=\"container\" data-e-type=\"container\">\n\t\t\t\t<div class=\"elementor-element elementor-element-7c3e40e elementor-view-default elementor-widget elementor-widget-icon\" data-id=\"7c3e40e\" data-element_type=\"widget\" data-e-type=\"widget\" data-widget_type=\"icon.default\">\n\t\t\t\t<div class=\"elementor-widget-container\">\n\t\t\t\t\t\t\t<div class=\"elementor-icon-wrapper\">\n\t\t\t<a class=\"elementor-icon\" href=\"https:\/\/content.regenerahealth.com\/hubfs\/programa-congreso-2026-digital.pdf\">\n\t\t\t<svg aria-hidden=\"true\" class=\"e-font-icon-svg e-far-arrow-alt-circle-right\" viewBox=\"0 0 512 512\" xmlns=\"http:\/\/www.w3.org\/2000\/svg\"><path d=\"M504 256C504 119 393 8 256 8S8 119 8 256s111 248 248 248 248-111 248-248zm-448 0c0-110.5 89.5-200 200-200s200 89.5 200 200-89.5 200-200 200S56 366.5 56 256zm72 20v-40c0-6.6 5.4-12 12-12h116v-67c0-10.7 12.9-16 20.5-8.5l99 99c4.7 4.7 4.7 12.3 0 17l-99 99c-7.6 7.6-20.5 2.2-20.5-8.5v-67H140c-6.6 0-12-5.4-12-12z\"><\/path><\/svg>\t\t\t<\/a>\n\t\t<\/div>\n\t\t\t\t\t\t<\/div>\n\t\t\t\t<\/div>\n\t\t\t\t<\/div>\n\t\t\t\t<\/div>\n\t\t\t\t<\/div>\n\t\t<div class=\"elementor-element elementor-element-6c271a2 e-con-full e-flex e-con e-child\" data-id=\"6c271a2\" data-element_type=\"container\" data-e-type=\"container\">\n\t\t<div class=\"elementor-element elementor-element-b3d0224 e-con-full e-flex e-con e-child\" data-id=\"b3d0224\" data-element_type=\"container\" data-e-type=\"container\" data-settings=\"{&quot;background_background&quot;:&quot;classic&quot;}\">\n\t\t<div class=\"elementor-element elementor-element-eca6706 e-con-full e-flex e-con e-child\" data-id=\"eca6706\" data-element_type=\"container\" data-e-type=\"container\">\n\t\t\t\t<div class=\"elementor-element elementor-element-469b4a3 elementor-widget elementor-widget-image\" data-id=\"469b4a3\" data-element_type=\"widget\" data-e-type=\"widget\" data-widget_type=\"image.default\">\n\t\t\t\t<div class=\"elementor-widget-container\">\n\t\t\t\t\t\t\t\t\t\t\t\t\t\t\t\t<a href=\"https:\/\/regenerahealth.com\/presentacion-master\/?utm_source=congreso&#038;utm_medium=qr&#038;utm_campaign=congreso-regenera-2026\">\n\t\t\t\t\t\t\t<img loading=\"lazy\" decoding=\"async\" width=\"500\" height=\"500\" src=\"https:\/\/regenerahealth.com\/eventos\/wp-content\/uploads\/2026\/01\/Master-PNI-Avatar.jpg\" class=\"attachment-large size-large wp-image-6581\" alt=\"\" srcset=\"https:\/\/regenerahealth.com\/eventos\/wp-content\/uploads\/2026\/01\/Master-PNI-Avatar.jpg 500w, https:\/\/regenerahealth.com\/eventos\/wp-content\/uploads\/2026\/01\/Master-PNI-Avatar-300x300.jpg 300w, https:\/\/regenerahealth.com\/eventos\/wp-content\/uploads\/2026\/01\/Master-PNI-Avatar-150x150.jpg 150w, https:\/\/regenerahealth.com\/eventos\/wp-content\/uploads\/2026\/01\/Master-PNI-Avatar-100x100.jpg 100w\" sizes=\"(max-width: 500px) 100vw, 500px\" \/>\t\t\t\t\t\t\t\t<\/a>\n\t\t\t\t\t\t\t\t\t\t\t\t\t\t\t<\/div>\n\t\t\t\t<\/div>\n\t\t\t\t<\/div>\n\t\t<div class=\"elementor-element elementor-element-c8c400c e-con-full e-flex e-con e-child\" data-id=\"c8c400c\" data-element_type=\"container\" data-e-type=\"container\">\n\t\t\t\t<div class=\"elementor-element elementor-element-061c2f1 elementor-widget elementor-widget-heading\" data-id=\"061c2f1\" data-element_type=\"widget\" data-e-type=\"widget\" data-widget_type=\"heading.default\">\n\t\t\t\t<div class=\"elementor-widget-container\">\n\t\t\t\t\t<h2 class=\"elementor-heading-title elementor-size-default\"><a href=\"https:\/\/regenerahealth.com\/presentacion-master\/?utm_source=congreso&#038;utm_medium=qr&#038;utm_campaign=congreso-regenera-2026\">M\u00e1ster Profesional PNI Cl\u00ednica<\/a><\/h2>\t\t\t\t<\/div>\n\t\t\t\t<\/div>\n\t\t\t\t<\/div>\n\t\t<div class=\"elementor-element elementor-element-cb032e0 e-con-full e-flex e-con e-child\" data-id=\"cb032e0\" data-element_type=\"container\" data-e-type=\"container\">\n\t\t\t\t<div class=\"elementor-element elementor-element-12cbefb elementor-view-default elementor-widget elementor-widget-icon\" data-id=\"12cbefb\" data-element_type=\"widget\" data-e-type=\"widget\" data-widget_type=\"icon.default\">\n\t\t\t\t<div class=\"elementor-widget-container\">\n\t\t\t\t\t\t\t<div class=\"elementor-icon-wrapper\">\n\t\t\t<a class=\"elementor-icon\" href=\"https:\/\/regenerahealth.com\/presentacion-master\/?utm_source=congreso&#038;utm_medium=qr&#038;utm_campaign=congreso-regenera-2026\">\n\t\t\t<svg aria-hidden=\"true\" class=\"e-font-icon-svg e-far-arrow-alt-circle-right\" viewBox=\"0 0 512 512\" xmlns=\"http:\/\/www.w3.org\/2000\/svg\"><path d=\"M504 256C504 119 393 8 256 8S8 119 8 256s111 248 248 248 248-111 248-248zm-448 0c0-110.5 89.5-200 200-200s200 89.5 200 200-89.5 200-200 200S56 366.5 56 256zm72 20v-40c0-6.6 5.4-12 12-12h116v-67c0-10.7 12.9-16 20.5-8.5l99 99c4.7 4.7 4.7 12.3 0 17l-99 99c-7.6 7.6-20.5 2.2-20.5-8.5v-67H140c-6.6 0-12-5.4-12-12z\"><\/path><\/svg>\t\t\t<\/a>\n\t\t<\/div>\n\t\t\t\t\t\t<\/div>\n\t\t\t\t<\/div>\n\t\t\t\t<\/div>\n\t\t\t\t<\/div>\n\t\t\t\t<\/div>\n\t\t\t\t\t<\/div>\n\t\t\t\t<\/div>\n\t\t\t\t<\/div>\n\t\t","protected":false},"excerpt":{"rendered":"<p>El gran evento de la salud integrativa en espa\u00f1ol Programa IV Congreso Regenera M\u00e1ster Profesional PNI Cl\u00ednica<\/p>\n","protected":false},"author":1,"featured_media":0,"parent":0,"menu_order":0,"comment_status":"closed","ping_status":"closed","template":"elementor_canvas","meta":{"site-sidebar-layout":"no-sidebar","site-content-layout":"","ast-site-content-layout":"full-width-container","site-content-style":"default","site-sidebar-style":"default","ast-global-header-display":"","ast-banner-title-visibility":"","ast-main-header-display":"","ast-hfb-above-header-display":"","ast-hfb-below-header-display":"","ast-hfb-mobile-header-display":"","site-post-title":"","ast-breadcrumbs-content":"","ast-featured-img":"disabled","footer-sml-layout":"","ast-disable-related-posts":"","theme-transparent-header-meta":"","adv-header-id-meta":"","stick-header-meta":"","header-above-stick-meta":"","header-main-stick-meta":"","header-below-stick-meta":"","astra-migrate-meta-layouts":"default","ast-page-background-enabled":"default","ast-page-background-meta":{"desktop":{"background-color":"var(--ast-global-color-4)","background-image":"","background-repeat":"repeat","background-position":"center center","background-size":"auto","background-attachment":"scroll","background-type":"","background-media":"","overlay-type":"","overlay-color":"","overlay-opacity":"","overlay-gradient":""},"tablet":{"background-color":"","background-image":"","background-repeat":"repeat","background-position":"center center","background-size":"auto","background-attachment":"scroll","background-type":"","background-media":"","overlay-type":"","overlay-color":"","overlay-opacity":"","overlay-gradient":""},"mobile":{"background-color":"","background-image":"","background-repeat":"repeat","background-position":"center center","background-size":"auto","background-attachment":"scroll","background-type":"","background-media":"","overlay-type":"","overlay-color":"","overlay-opacity":"","overlay-gradient":""}},"ast-content-background-meta":{"desktop":{"background-color":"var(--ast-global-color-5)","background-image":"","background-repeat":"repeat","background-position":"center center","background-size":"auto","background-attachment":"scroll","background-type":"","background-media":"","overlay-type":"","overlay-color":"","overlay-opacity":"","overlay-gradient":""},"tablet":{"background-color":"var(--ast-global-color-5)","background-image":"","background-repeat":"repeat","background-position":"center center","background-size":"auto","background-attachment":"scroll","background-type":"","background-media":"","overlay-type":"","overlay-color":"","overlay-opacity":"","overlay-gradient":""},"mobile":{"background-color":"var(--ast-global-color-5)","background-image":"","background-repeat":"repeat","background-position":"center center","background-size":"auto","background-attachment":"scroll","background-type":"","background-media":"","overlay-type":"","overlay-color":"","overlay-opacity":"","overlay-gradient":""}},"footnotes":""},"class_list":["post-6576","page","type-page","status-publish","hentry"],"yoast_head":"<!-- This site is optimized with the Yoast SEO Premium plugin v26.4 (Yoast SEO v27.4) - https:\/\/yoast.com\/product\/yoast-seo-premium-wordpress\/ -->\n<title>Congreso 2026 Programa - Regenera Eventos<\/title>\n<meta name=\"robots\" content=\"index, follow, max-snippet:-1, max-image-preview:large, max-video-preview:-1\" \/>\n<link rel=\"canonical\" href=\"https:\/\/regenerahealth.com\/eventos\/congreso-2026-programa\/\" \/>\n<meta property=\"og:locale\" content=\"es_ES\" \/>\n<meta property=\"og:type\" content=\"article\" \/>\n<meta property=\"og:title\" content=\"Congreso 2026 Programa\" \/>\n<meta property=\"og:description\" content=\"El gran evento de la salud integrativa en espa\u00f1ol Programa IV Congreso Regenera M\u00e1ster Profesional PNI Cl\u00ednica\" \/>\n<meta property=\"og:url\" content=\"https:\/\/regenerahealth.com\/eventos\/congreso-2026-programa\/\" \/>\n<meta property=\"og:site_name\" content=\"Regenera Eventos\" \/>\n<meta property=\"article:modified_time\" content=\"2026-01-21T12:08:10+00:00\" \/>\n<meta property=\"og:image\" content=\"https:\/\/regenerahealth.com\/eventos\/wp-content\/uploads\/2026\/01\/Logo-Regenere-Blanco.png\" \/>\n\t<meta property=\"og:image:width\" content=\"830\" \/>\n\t<meta property=\"og:image:height\" content=\"228\" \/>\n\t<meta property=\"og:image:type\" content=\"image\/png\" \/>\n<meta name=\"twitter:card\" content=\"summary_large_image\" \/>\n<meta name=\"twitter:label1\" content=\"Tiempo de lectura\" \/>\n\t<meta name=\"twitter:data1\" content=\"1 minuto\" \/>\n<script type=\"application\/ld+json\" class=\"yoast-schema-graph\">{\"@context\":\"https:\\\/\\\/schema.org\",\"@graph\":[{\"@type\":\"WebPage\",\"@id\":\"https:\\\/\\\/regenerahealth.com\\\/eventos\\\/congreso-2026-programa\\\/\",\"url\":\"https:\\\/\\\/regenerahealth.com\\\/eventos\\\/congreso-2026-programa\\\/\",\"name\":\"Congreso 2026 Programa - Regenera Eventos\",\"isPartOf\":{\"@id\":\"https:\\\/\\\/regenerahealth.com\\\/eventos\\\/#website\"},\"primaryImageOfPage\":{\"@id\":\"https:\\\/\\\/regenerahealth.com\\\/eventos\\\/congreso-2026-programa\\\/#primaryimage\"},\"image\":{\"@id\":\"https:\\\/\\\/regenerahealth.com\\\/eventos\\\/congreso-2026-programa\\\/#primaryimage\"},\"thumbnailUrl\":\"https:\\\/\\\/regenerahealth.com\\\/eventos\\\/wp-content\\\/uploads\\\/2026\\\/01\\\/Logo-Regenere-Blanco.png\",\"datePublished\":\"2026-01-19T14:58:56+00:00\",\"dateModified\":\"2026-01-21T12:08:10+00:00\",\"breadcrumb\":{\"@id\":\"https:\\\/\\\/regenerahealth.com\\\/eventos\\\/congreso-2026-programa\\\/#breadcrumb\"},\"inLanguage\":\"es\",\"potentialAction\":[{\"@type\":\"ReadAction\",\"target\":[\"https:\\\/\\\/regenerahealth.com\\\/eventos\\\/congreso-2026-programa\\\/\"]}]},{\"@type\":\"ImageObject\",\"inLanguage\":\"es\",\"@id\":\"https:\\\/\\\/regenerahealth.com\\\/eventos\\\/congreso-2026-programa\\\/#primaryimage\",\"url\":\"https:\\\/\\\/regenerahealth.com\\\/eventos\\\/wp-content\\\/uploads\\\/2026\\\/01\\\/Logo-Regenere-Blanco.png\",\"contentUrl\":\"https:\\\/\\\/regenerahealth.com\\\/eventos\\\/wp-content\\\/uploads\\\/2026\\\/01\\\/Logo-Regenere-Blanco.png\",\"width\":830,\"height\":228},{\"@type\":\"BreadcrumbList\",\"@id\":\"https:\\\/\\\/regenerahealth.com\\\/eventos\\\/congreso-2026-programa\\\/#breadcrumb\",\"itemListElement\":[{\"@type\":\"ListItem\",\"position\":1,\"name\":\"Portada\",\"item\":\"https:\\\/\\\/regenerahealth.com\\\/eventos\\\/\"},{\"@type\":\"ListItem\",\"position\":2,\"name\":\"Congreso 2026 Programa\"}]},{\"@type\":\"WebSite\",\"@id\":\"https:\\\/\\\/regenerahealth.com\\\/eventos\\\/#website\",\"url\":\"https:\\\/\\\/regenerahealth.com\\\/eventos\\\/\",\"name\":\"Congreso Regenera | El gran evento de la salud integrativa en espa\u00f1ol\",\"description\":\"Regenera Eventos\",\"publisher\":{\"@id\":\"https:\\\/\\\/regenerahealth.com\\\/eventos\\\/#organization\"},\"potentialAction\":[{\"@type\":\"SearchAction\",\"target\":{\"@type\":\"EntryPoint\",\"urlTemplate\":\"https:\\\/\\\/regenerahealth.com\\\/eventos\\\/?s={search_term_string}\"},\"query-input\":{\"@type\":\"PropertyValueSpecification\",\"valueRequired\":true,\"valueName\":\"search_term_string\"}}],\"inLanguage\":\"es\"},{\"@type\":\"Organization\",\"@id\":\"https:\\\/\\\/regenerahealth.com\\\/eventos\\\/#organization\",\"name\":\"Regenera\",\"url\":\"https:\\\/\\\/regenerahealth.com\\\/eventos\\\/\",\"logo\":{\"@type\":\"ImageObject\",\"inLanguage\":\"es\",\"@id\":\"https:\\\/\\\/regenerahealth.com\\\/eventos\\\/#\\\/schema\\\/logo\\\/image\\\/\",\"url\":\"https:\\\/\\\/regenerahealth.com\\\/eventos\\\/wp-content\\\/uploads\\\/2024\\\/12\\\/congreso-regenera.png\",\"contentUrl\":\"https:\\\/\\\/regenerahealth.com\\\/eventos\\\/wp-content\\\/uploads\\\/2024\\\/12\\\/congreso-regenera.png\",\"width\":658,\"height\":316,\"caption\":\"Regenera\"},\"image\":{\"@id\":\"https:\\\/\\\/regenerahealth.com\\\/eventos\\\/#\\\/schema\\\/logo\\\/image\\\/\"},\"sameAs\":[\"https:\\\/\\\/www.instagram.com\\\/regenera_pni\\\/?hl=es\"]}]}<\/script>\n<!-- \/ Yoast SEO Premium plugin. -->","yoast_head_json":{"title":"Congreso 2026 Programa - Regenera Eventos","robots":{"index":"index","follow":"follow","max-snippet":"max-snippet:-1","max-image-preview":"max-image-preview:large","max-video-preview":"max-video-preview:-1"},"canonical":"https:\/\/regenerahealth.com\/eventos\/congreso-2026-programa\/","og_locale":"es_ES","og_type":"article","og_title":"Congreso 2026 Programa","og_description":"El gran evento de la salud integrativa en espa\u00f1ol Programa IV Congreso Regenera M\u00e1ster Profesional PNI Cl\u00ednica","og_url":"https:\/\/regenerahealth.com\/eventos\/congreso-2026-programa\/","og_site_name":"Regenera Eventos","article_modified_time":"2026-01-21T12:08:10+00:00","og_image":[{"width":830,"height":228,"url":"https:\/\/regenerahealth.com\/eventos\/wp-content\/uploads\/2026\/01\/Logo-Regenere-Blanco.png","type":"image\/png"}],"twitter_card":"summary_large_image","twitter_misc":{"Tiempo de lectura":"1 minuto"},"schema":{"@context":"https:\/\/schema.org","@graph":[{"@type":"WebPage","@id":"https:\/\/regenerahealth.com\/eventos\/congreso-2026-programa\/","url":"https:\/\/regenerahealth.com\/eventos\/congreso-2026-programa\/","name":"Congreso 2026 Programa - Regenera Eventos","isPartOf":{"@id":"https:\/\/regenerahealth.com\/eventos\/#website"},"primaryImageOfPage":{"@id":"https:\/\/regenerahealth.com\/eventos\/congreso-2026-programa\/#primaryimage"},"image":{"@id":"https:\/\/regenerahealth.com\/eventos\/congreso-2026-programa\/#primaryimage"},"thumbnailUrl":"https:\/\/regenerahealth.com\/eventos\/wp-content\/uploads\/2026\/01\/Logo-Regenere-Blanco.png","datePublished":"2026-01-19T14:58:56+00:00","dateModified":"2026-01-21T12:08:10+00:00","breadcrumb":{"@id":"https:\/\/regenerahealth.com\/eventos\/congreso-2026-programa\/#breadcrumb"},"inLanguage":"es","potentialAction":[{"@type":"ReadAction","target":["https:\/\/regenerahealth.com\/eventos\/congreso-2026-programa\/"]}]},{"@type":"ImageObject","inLanguage":"es","@id":"https:\/\/regenerahealth.com\/eventos\/congreso-2026-programa\/#primaryimage","url":"https:\/\/regenerahealth.com\/eventos\/wp-content\/uploads\/2026\/01\/Logo-Regenere-Blanco.png","contentUrl":"https:\/\/regenerahealth.com\/eventos\/wp-content\/uploads\/2026\/01\/Logo-Regenere-Blanco.png","width":830,"height":228},{"@type":"BreadcrumbList","@id":"https:\/\/regenerahealth.com\/eventos\/congreso-2026-programa\/#breadcrumb","itemListElement":[{"@type":"ListItem","position":1,"name":"Portada","item":"https:\/\/regenerahealth.com\/eventos\/"},{"@type":"ListItem","position":2,"name":"Congreso 2026 Programa"}]},{"@type":"WebSite","@id":"https:\/\/regenerahealth.com\/eventos\/#website","url":"https:\/\/regenerahealth.com\/eventos\/","name":"Congreso Regenera | El gran evento de la salud integrativa en espa\u00f1ol","description":"Regenera Eventos","publisher":{"@id":"https:\/\/regenerahealth.com\/eventos\/#organization"},"potentialAction":[{"@type":"SearchAction","target":{"@type":"EntryPoint","urlTemplate":"https:\/\/regenerahealth.com\/eventos\/?s={search_term_string}"},"query-input":{"@type":"PropertyValueSpecification","valueRequired":true,"valueName":"search_term_string"}}],"inLanguage":"es"},{"@type":"Organization","@id":"https:\/\/regenerahealth.com\/eventos\/#organization","name":"Regenera","url":"https:\/\/regenerahealth.com\/eventos\/","logo":{"@type":"ImageObject","inLanguage":"es","@id":"https:\/\/regenerahealth.com\/eventos\/#\/schema\/logo\/image\/","url":"https:\/\/regenerahealth.com\/eventos\/wp-content\/uploads\/2024\/12\/congreso-regenera.png","contentUrl":"https:\/\/regenerahealth.com\/eventos\/wp-content\/uploads\/2024\/12\/congreso-regenera.png","width":658,"height":316,"caption":"Regenera"},"image":{"@id":"https:\/\/regenerahealth.com\/eventos\/#\/schema\/logo\/image\/"},"sameAs":["https:\/\/www.instagram.com\/regenera_pni\/?hl=es"]}]}},"_links":{"self":[{"href":"https:\/\/regenerahealth.com\/eventos\/wp-json\/wp\/v2\/pages\/6576","targetHints":{"allow":["GET"]}}],"collection":[{"href":"https:\/\/regenerahealth.com\/eventos\/wp-json\/wp\/v2\/pages"}],"about":[{"href":"https:\/\/regenerahealth.com\/eventos\/wp-json\/wp\/v2\/types\/page"}],"author":[{"embeddable":true,"href":"https:\/\/regenerahealth.com\/eventos\/wp-json\/wp\/v2\/users\/1"}],"replies":[{"embeddable":true,"href":"https:\/\/regenerahealth.com\/eventos\/wp-json\/wp\/v2\/comments?post=6576"}],"version-history":[{"count":34,"href":"https:\/\/regenerahealth.com\/eventos\/wp-json\/wp\/v2\/pages\/6576\/revisions"}],"predecessor-version":[{"id":6649,"href":"https:\/\/regenerahealth.com\/eventos\/wp-json\/wp\/v2\/pages\/6576\/revisions\/6649"}],"wp:attachment":[{"href":"https:\/\/regenerahealth.com\/eventos\/wp-json\/wp\/v2\/media?parent=6576"}],"curies":[{"name":"wp","href":"https:\/\/api.w.org\/{rel}","templated":true}]}}